{"id":170,"date":"2012-05-17T18:16:09","date_gmt":"2012-05-17T16:16:09","guid":{"rendered":"http:\/\/www.fisheco.se\/blogg\/redaktion\/?page_id=170"},"modified":"2012-05-17T18:16:09","modified_gmt":"2012-05-17T16:16:09","slug":"markus-teilus","status":"publish","type":"page","link":"https:\/\/blogg.fisheco.se\/redaktion\/om-redaktionen\/markus-teilus\/","title":{"rendered":"Markus Teilus"},"content":{"rendered":"<p><a href=\"http:\/\/www.fisheco.se\/blogg\/redaktion\/om-redaktionen\/markus-teilus\/teilus\/\" rel=\"attachment wp-att-171 noopener\" target=\"_blank\"><img loading=\"lazy\" decoding=\"async\" class=\"alignnone size-medium wp-image-171\" src=\"http:\/\/www.fisheco.se\/blogg\/redaktion\/files\/2012\/05\/teilus-584x389.jpg\" alt=\"\" width=\"584\" height=\"389\" \/><\/a><\/p>\n<p>Markus Teilus \u00e4r en av de yngsta i g\u00e4nget, men b\u00f6r inte underskattas f\u00f6r det. Med ungdomliga anda och nytt t\u00e4nkande ses allt i ett annorlunda perspektiv. Efter tre \u00e5rs studerande i V\u00e4rmland har han nu \u00e5terv\u00e4nt till Norrbotten och den lilla byn K\u00e5bdalis d\u00e4r han k\u00e4nner sig som hemma.<\/p>\n<p>I n\u00e4romr\u00e5det ligger ocks\u00e5\u00a0skogssamebyn Udtja. Det var n\u00e4mligen h\u00e4r, i vildmarken, som han i tidig \u00e5lder utvecklade det stora intresset f\u00f6r b\u00e5de fiske och naturen.\u00a0Efter att ha blivit f\u00f6dd i Stockholm, uppvuxen i Norrbotten och studerat i V\u00e4rmland har han lyckats samla p\u00e5 sig en hel del erfarenheter under \u00e5ren. Hans brinnande passion f\u00f6r fiske beskriver han mer som en livsstil, vilket var anledningen till att han s\u00f6kte till SportfiskeAkademin.<\/p>\n<p>Under \u00e5ren p\u00e5 skolan\u00a0fortsatte hans erfarenheter och kunskaper att v\u00e4xa, samtidigt som branschen \u00f6ppnades upp f\u00f6r honom. Det \u00e4r sj\u00e4lva sportfisket som \u00e4r Markus st\u00f6rsta intresse, men naturen och media ligger inte l\u00e5ngt efter. Att skriva, fotografera och filma relaterat till fiske och naturen, ligger honon n\u00e4ra. F\u00f6ljden till detta blev att starta eget som fiskeguide, skribent och fotograf. N\u00e4r det g\u00e4ller fisket s\u00e5 ligger alla fenprydda varelser illa till. Variationen g\u00e4llande metoder \u00e4r ocks\u00e5 stor, allt ifr\u00e5n mete till flugfiske \u00e4r aktuellt.<\/p>\n<p>Markus tycker dessutom\u00a0att det i dagens samh\u00e4lle \u00e4r viktigt att ta vara p\u00e5 milj\u00f6n och framtiden. Man m\u00e5ste t\u00e4nka ekologiskt och h\u00e5llbart! Det \u00e4r en anledning till att han \u00e4r en av grabbarna bakom projektet<a href=\"http:\/\/www.facebook.com\/SistaDroppen\" target=\"_blank\" rel=\"noopener\">\u00a0Sista Droppen.<\/a><\/p>\n","protected":false},"excerpt":{"rendered":"<p>Markus Teilus \u00e4r en av de yngsta i g\u00e4nget, men b\u00f6r inte underskattas f\u00f6r det. Med ungdomliga anda och nytt t\u00e4nkande ses allt i ett annorlunda perspektiv. Efter tre \u00e5rs studerande i V\u00e4rmland har han nu \u00e5terv\u00e4nt till Norrbotten och &hellip; <a href=\"https:\/\/blogg.fisheco.se\/redaktion\/om-redaktionen\/markus-teilus\/\">Forts\u00e4tt l\u00e4sa <span class=\"meta-nav\">&rarr;<\/span><\/a><\/p>\n","protected":false},"author":2,"featured_media":0,"parent":3041,"menu_order":0,"comment_status":"open","ping_status":"closed","template":"","meta":{"footnotes":""},"class_list":["post-170","page","type-page","status-publish","hentry"],"_links":{"self":[{"href":"https:\/\/blogg.fisheco.se\/redaktion\/wp-json\/wp\/v2\/pages\/170","targetHints":{"allow":["GET"]}}],"collection":[{"href":"https:\/\/blogg.fisheco.se\/redaktion\/wp-json\/wp\/v2\/pages"}],"about":[{"href":"https:\/\/blogg.fisheco.se\/redaktion\/wp-json\/wp\/v2\/types\/page"}],"author":[{"embeddable":true,"href":"https:\/\/blogg.fisheco.se\/redaktion\/wp-json\/wp\/v2\/users\/2"}],"replies":[{"embeddable":true,"href":"https:\/\/blogg.fisheco.se\/redaktion\/wp-json\/wp\/v2\/comments?post=170"}],"version-history":[{"count":0,"href":"https:\/\/blogg.fisheco.se\/redaktion\/wp-json\/wp\/v2\/pages\/170\/revisions"}],"up":[{"embeddable":true,"href":"https:\/\/blogg.fisheco.se\/redaktion\/wp-json\/wp\/v2\/pages\/3041"}],"wp:attachment":[{"href":"https:\/\/blogg.fisheco.se\/redaktion\/wp-json\/wp\/v2\/media?parent=170"}],"curies":[{"name":"wp","href":"https:\/\/api.w.org\/{rel}","templated":true}]}}

<p><a href="http://www.fisheco.se/blogg/redaktion/om-redaktionen/markus-teilus/teilus/" rel="attachment wp-att-171 noopener" target="_blank"><img loading="lazy" decoding="async" class="alignnone size-medium wp-image-171" src="http://www.fisheco.se/blogg/redaktion/files/2012/05/teilus-584x389.jpg" alt="" width="584" height="389" /></a></p>
<p>Markus Teilus är en av de yngsta i gänget, men bör inte underskattas för det. Med ungdomliga anda och nytt tänkande ses allt i ett annorlunda perspektiv. Efter tre års studerande i Värmland har han nu återvänt till Norrbotten och den lilla byn Kåbdalis där han känner sig som hemma.</p>
<p>I närområdet ligger också skogssamebyn Udtja. Det var nämligen här, i vildmarken, som han i tidig ålder utvecklade det stora intresset för både fiske och naturen. Efter att ha blivit född i Stockholm, uppvuxen i Norrbotten och studerat i Värmland har han lyckats samla på sig en hel del erfarenheter under åren. Hans brinnande passion för fiske beskriver han mer som en livsstil, vilket var anledningen till att han sökte till SportfiskeAkademin.</p>
<p>Under åren på skolan fortsatte hans erfarenheter och kunskaper att växa, samtidigt som branschen öppnades upp för honom. Det är själva sportfisket som är Markus största intresse, men naturen och media ligger inte långt efter. Att skriva, fotografera och filma relaterat till fiske och naturen, ligger honon nära. Följden till detta blev att starta eget som fiskeguide, skribent och fotograf. När det gäller fisket så ligger alla fenprydda varelser illa till. Variationen gällande metoder är också stor, allt ifrån mete till flugfiske är aktuellt.</p>
<p>Markus tycker dessutom att det i dagens samhälle är viktigt att ta vara på miljön och framtiden. Man måste tänka ekologiskt och hållbart! Det är en anledning till att han är en av grabbarna bakom projektet<a href="http://www.facebook.com/SistaDroppen" target="_blank" rel="noopener"> Sista Droppen.</a></p>

<p>Markus Teilus är en av de yngsta i gänget, men bör inte underskattas för det. Med ungdomliga anda och nytt tänkande ses allt i ett annorlunda perspektiv. Efter tre års studerande i Värmland har han nu återvänt till Norrbotten och &hellip; <a href="https://blogg.fisheco.se/redaktion/om-redaktionen/markus-teilus/">Fortsätt läsa <span class="meta-nav">&rarr;</span></a></p>
